nd 42?
21
Calculate the greatest common factor of 1750 and 630.
70
Calculate the highest common factor of 256 and 100.
4
Calculate the highest common factor of 296 and 40.
8
Calculate the greatest common divisor of 319 and 1727.
11
Calculate the greatest common divisor of 32 and 3232.
32
What is the greatest common factor of 490 and 882?
98
Calculate the greatest common factor of 445 and 5.
5
Calculate the greatest common divisor of 1846 and 52.
26
What is the greatest common divisor of 17 and 221?
17
Calculate the highest common divisor of 984 and 451.
41
What is the greatest common factor of 1 and 19?
1
Calculate the greatest common divisor of 90 and 135.
45
Calculate the highest common factor of 2365 and 1290.
215
Calculate the highest common divisor of 171 and 18.
9
Calculate the greatest common factor of 504 and 1566.
18
What is the highest common factor of 66 and 616?
22
What is the highest common factor of 1488 and 93?
93
Calculate the highest common factor of 930 and 70.
10
What is the greatest common factor of 350 and 70?
70
Calculate the highest common factor of 3 and 39.
3
What is the highest common factor of 350 and 200?
50
What is the greatest common factor of 40 and 32?
8
What is the highest common factor of 864 and 96?
96
Calculate the greatest common factor of 19 and 247.
19
Calculate the highest common factor of 737 and 11.
11
Calculate the greatest common factor of 2652 and 507.
39
What is the greatest common divisor of 1099 and 942?
157
What is the highest common divisor of 74 and 14?
2
What is the highest common divisor of 315 and 10125?
45
What is the highest common factor of 1104 and 207?
69
What is the greatest common factor of 72 and 27?
9
What is the highest common divisor of 28 and 70?
14
What is the greatest common divisor of 32 and 88?
8
Calculate the greatest common divisor of 16 and 656.
16
What is the highest common factor of 26 and 598?
26
What is the greatest common factor of 108 and 306?
18
What is the greatest common divisor of 495 and 55?
55
Calculate the highest common divisor of 47 and 1927.
47
What is the highest common factor of 440 and 280?
40
Calculate the highest common divisor of 19 and 19456.
19
Calculate the greatest common factor of 6603 and 93.
93
Calculate the highest common divisor of 21 and 861.
21
Calculate the highest common factor of 17664 and 138.
138
Calculate the highest common factor of 740 and 100.
20
What is the highest common divisor of 13 and 221?
13
What is the greatest common divisor of 1476 and 14391?
369
What is the highest common divisor of 12730 and 190?
190
Calculate the greatest common divisor of 14 and 490.
14
Calculate the highest common factor of 120 and 1095.
15
Calculate the highest common divisor of 18326 and 1122.
374
What is the highest common divisor of 2059 and 145?
29
What is the highest common divisor of 2540 and 30?
10
What is the highest common factor of 52 and 16?
4
What is the highest common factor of 1681 and 451?
41
Calculate the highest common factor of 115 and 100.
5
Calculate the highest common divisor of 105 and 35.
35
What is the highest common factor of 506 and 184?
46
What is the greatest common factor of 12726 and 63?
63
What is the highest common divisor of 102 and 1598?
34
What is the greatest common factor of 1702 and 46?
46
What is the highest common divisor of 6 and 384?
6
What is the greatest common factor of 5 and 753?
1
What is the highest common divisor of 20 and 60?
20
What is the greatest common factor of 672 and 64?
32
What is the highest common divisor of 98 and 6986?
14
Calculate the highest common divisor of 5336 and 1656.
184
Calculate the highest common divisor of 9 and 4.
1
Calculate the highest common factor of 24 and 12.
12
What is the highest common factor of 18 and 81?
9
Calculate the greatest common factor of 15 and 138.
3
Calculate the highest common divisor of 895 and 50.
5
What is the highest common divisor of 63 and 420?
21
What is the highest common divisor of 182 and 28?
14
What is the highest common divisor of 13 and 6?
1
Calculate the highest common factor of 162 and 36.
18
What is the highest common factor of 19591 and 39?
13
Calculate the highest common factor of 17 and 28883.
17
Calculate the highest common factor of 107 and 8667.
107
Calculate the greatest common factor of 117 and 832.
13
What is the greatest common divisor of 7599 and 149?
149
Calculate the greatest common divisor of 58 and 986.
58
What is the greatest common factor of 9 and 1512?
9
Calculate the highest common divisor of 247 and 266.
19
What is the highest common factor of 1728 and 32?
32
Calculate the highest common divisor of 2 and 218.
2
What is the highest common factor of 272 and 16?
16
Calculate the greatest common factor of 31 and 31.
31
Calculate the highest common factor of 6 and 7.
1
Calculate the highest common factor of 62 and 11222.
62
What is the highest common divisor of 37 and 185?
37
Calculate the highest common divisor of 12 and 100.
4
Calculate the highest common divisor of 351 and 2691.
117
Calculate the highest common factor of 110 and 30.
10
What is the greatest common divisor of 851 and 23?
23
What is the highest common factor of 17 and 42585?
17
Calculate the highest common factor of 86 and 4.
2
What is the highest common factor of 188 and 4841?
47
What is the greatest common divisor of 7729 and 131?
131
What is the highest common factor of 80 and 5?
5
Calculate the greatest common divisor of 18 and 324.
18
What is the highest common factor of 11 and 4224?
11
What is the greatest common divisor of 855 and 30?
15
Calculate the greatest common factor of 24 and 3.
3
What is the greatest common factor of 4 and 324?
4
What is the highest common divisor of 54 and 37557?
27
What is the greatest common divisor of 13 and 2899?
13
What is the highest common factor of 3 and 2?
1
Calculate the greatest common divisor of 9 and 59301.
9
Calculate the greatest common divisor of 38 and 760.
38
What is the highest common factor of 917 and 131?
131
What is the greatest common divisor of 48 and 308?
4
What is the greatest common factor of 268 and 22646?
134
What is the greatest common divisor of 96 and 60?
12
Calculate the greatest common divisor of 3479 and 49.
49
What is the greatest common divisor of 1183 and 8957?
169
What is the greatest common divisor of 6683 and 779?
41
Calculate the highest common factor of 162 and 4986.
18
What is the highest common factor of 4720 and 10?
10
What is the highest common factor of 11 and 69355?
11
What is the greatest common divisor of 323 and 209?
19
What is the greatest common factor of 11 and 2761?
11
What is the highest common divisor of 403 and 13?
13
Calculate the greatest common divisor of 19 and 247.
19
Calculate the greatest common factor of 1694 and 242.
242
What is the greatest common divisor of 289 and 17?
17
What is the greatest common factor of 73 and 1?
1
What is the highest common factor of 27832 and 71?
71
Calculate the greatest common factor of 1447 and 2.
1
What is the highest common divisor of 166 and 6557?
83
What is the greatest common factor of 322 and 182?
14
What is the highest common factor of 3777 and 3?
3
What is the greatest common factor of 20 and 1380?
20
Calculate the highest common factor of 144 and 32.
16
Calculate the highest common factor of 19548 and 54.
54
Calculate the highest common divisor of 460 and 184.
92
Calculate the highest common factor of 350 and 180.
10
What is the greatest common divisor of 3 and 551?
1
What is the highest common divisor of 174 and 783?
87
Calculate the highest common factor of 351 and 78.
39
Calculate the greatest common divisor of 98 and 3752.
14
What is the greatest common divisor of 5400 and 16?
8
Calculate the greatest common factor of 729 and 72.
9
Calculate the greatest common factor of 82 and 70.
2
What is the greatest common divisor of 6304 and 16?
16
Calculate the highest common factor of 12 and 1356.
12
Calculate the highest common divisor of 4 and 8.
4
What is the highest common factor of 1157 and 13?
13
What is the highest common factor of 2921 and 115?
23
What is the greatest common factor of 9420 and 2198?
314
What is the greatest common divisor of 37393 and 61?
61
What is the highest common factor of 19 and 4?
1
Ca